{"version":"1.0","provider_name":"Sidler","provider_url":"https:\/\/www.sidler.swiss\/fr\/","author_name":"BfE","author_url":"https:\/\/www.sidler.swiss\/fr\/author\/bfe\/","title":"Construction d\u2019un nouveau si\u00e8ge social SIDLER Metallwaren AG | Sidler","type":"rich","width":600,"height":338,"html":"<blockquote class=\"wp-embedded-content\" data-secret=\"JYk4gGyGEu\"><a href=\"https:\/\/www.sidler.swiss\/fr\/construction-dun-nouveau-siege-social-sidler-metallwaren-ag\/\">Construction d\u2019un nouveau si\u00e8ge social SIDLER Metallwaren AG<\/a><\/blockquote><iframe sandbox=\"allow-scripts\" security=\"restricted\" src=\"https:\/\/www.sidler.swiss\/fr\/construction-dun-nouveau-siege-social-sidler-metallwaren-ag\/embed\/#?secret=JYk4gGyGEu\" width=\"600\" height=\"338\" title=\"\u00ab\u00a0Construction d\u2019un nouveau si\u00e8ge social SIDLER Metallwaren AG\u00a0\u00bb &#8212; Sidler\" data-secret=\"JYk4gGyGEu\" frameborder=\"0\" marginwidth=\"0\" marginheight=\"0\" scrolling=\"no\" class=\"wp-embedded-content\"><\/iframe><script>\n\/*! This file is auto-generated *\/\n!function(d,l){\"use strict\";l.querySelector&&d.addEventListener&&\"undefined\"!=typeof URL&&(d.wp=d.wp||{},d.wp.receiveEmbedMessage||(d.wp.receiveEmbedMessage=function(e){var t=e.data;if((t||t.secret||t.message||t.value)&&!\/[^a-zA-Z0-9]\/.test(t.secret)){for(var s,r,n,a=l.querySelectorAll('iframe[data-secret=\"'+t.secret+'\"]'),o=l.querySelectorAll('blockquote[data-secret=\"'+t.secret+'\"]'),c=new RegExp(\"^https?:$\",\"i\"),i=0;i<o.length;i++)o[i].style.display=\"none\";for(i=0;i<a.length;i++)s=a[i],e.source===s.contentWindow&&(s.removeAttribute(\"style\"),\"height\"===t.message?(1e3<(r=parseInt(t.value,10))?r=1e3:~~r<200&&(r=200),s.height=r):\"link\"===t.message&&(r=new URL(s.getAttribute(\"src\")),n=new URL(t.value),c.test(n.protocol))&&n.host===r.host&&l.activeElement===s&&(d.top.location.href=t.value))}},d.addEventListener(\"message\",d.wp.receiveEmbedMessage,!1),l.addEventListener(\"DOMContentLoaded\",function(){for(var e,t,s=l.querySelectorAll(\"iframe.wp-embedded-content\"),r=0;r<s.length;r++)(t=(e=s[r]).getAttribute(\"data-secret\"))||(t=Math.random().toString(36).substring(2,12),e.src+=\"#?secret=\"+t,e.setAttribute(\"data-secret\",t)),e.contentWindow.postMessage({message:\"ready\",secret:t},\"*\")},!1)))}(window,document);\n\/\/# sourceURL=https:\/\/www.sidler.swiss\/wp-includes\/js\/wp-embed.min.js\n<\/script>\n","thumbnail_url":"https:\/\/www.sidler.swiss\/wp-content\/uploads\/2022\/04\/Bild-Spatenstich-2022-Print-scaled.jpg","thumbnail_width":2560,"thumbnail_height":1707,"description":"Construction d\u2019un nouveau si\u00e8ge social SIDLER Metallwaren AG La soci\u00e9t\u00e9 SIDLER Metallwaren AG a c\u00e9l\u00e9br\u00e9 l\u2019inauguration de la construction nouvelle sur la Hofstrasse 42 \u00e0 Romanshorn. Les membres du conseil d\u2019administration et de la direction de SIDLER Metallwaren AG, ainsi que le chef de projet et l\u2019architecte, ont utilis\u00e9 la b\u00eache et le casque. Avec [&hellip;]"}

Construction d’un nouveau siège social SIDLER Metallwaren AG | Sidler

<blockquote class="wp-embedded-content" data-secret="JYk4gGyGEu"><a href="https://www.sidler.swiss/fr/construction-dun-nouveau-siege-social-sidler-metallwaren-ag/">Construction d’un nouveau siège social SIDLER Metallwaren AG</a></blockquote><iframe sandbox="allow-scripts" security="restricted" src="https://www.sidler.swiss/fr/construction-dun-nouveau-siege-social-sidler-metallwaren-ag/embed/#?secret=JYk4gGyGEu" width="600" height="338" title="« Construction d’un nouveau siège social SIDLER Metallwaren AG » &#8212; Sidler" data-secret="JYk4gGyGEu" frameborder="0" marginwidth="0" marginheight="0" scrolling="no" class="wp-embedded-content"></iframe><script>
/*! This file is auto-generated */
!function(d,l){"use strict";l.querySelector&&d.addEventListener&&"undefined"!=typeof URL&&(d.wp=d.wp||{},d.wp.receiveEmbedMessage||(d.wp.receiveEmbedMessage=function(e){var t=e.data;if((t||t.secret||t.message||t.value)&&!/[^a-zA-Z0-9]/.test(t.secret)){for(var s,r,n,a=l.querySelectorAll('iframe[data-secret="'+t.secret+'"]'),o=l.querySelectorAll('blockquote[data-secret="'+t.secret+'"]'),c=new RegExp("^https?:$","i"),i=0;i<o.length;i++)o[i].style.display="none";for(i=0;i<a.length;i++)s=a[i],e.source===s.contentWindow&&(s.removeAttribute("style"),"height"===t.message?(1e3<(r=parseInt(t.value,10))?r=1e3:~~r<200&&(r=200),s.height=r):"link"===t.message&&(r=new URL(s.getAttribute("src")),n=new URL(t.value),c.test(n.protocol))&&n.host===r.host&&l.activeElement===s&&(d.top.location.href=t.value))}},d.addEventListener("message",d.wp.receiveEmbedMessage,!1),l.addEventListener("DOMContentLoaded",function(){for(var e,t,s=l.querySelectorAll("iframe.wp-embedded-content"),r=0;r<s.length;r++)(t=(e=s[r]).getAttribute("data-secret"))||(t=Math.random().toString(36).substring(2,12),e.src+="#?secret="+t,e.setAttribute("data-secret",t)),e.contentWindow.postMessage({message:"ready",secret:t},"*")},!1)))}(window,document);
//# sourceURL=https://www.sidler.swiss/wp-includes/js/wp-embed.min.js
</script>

Construction d’un nouveau siège social SIDLER Metallwaren AG La société SIDLER Metallwaren AG a célébré l’inauguration de la construction nouvelle sur la Hofstrasse 42 à Romanshorn. Les membres du conseil d’administration et de la direction de SIDLER Metallwaren AG, ainsi que le chef de projet et l’architecte, ont utilisé la bêche et le casque. Avec [&hellip;]
